ommon divisor of 4 and r.
4
Let i(t) = t**2 - 3*t + 3. Let w be i(3). Let m(r) = -r + 9*r - w - r. Let f be m(2). What is the greatest common divisor of 22 and f?
11
Suppose -4*h = -x - 3, -3*h + 5*x + 12 + 3 = 0. Suppose h*v + 4*v = 8. Let z(s) = -s - 3. Let m be z(-7). What is the highest common divisor of m and v?
2
Let n be 1*-1*976/(-8). Suppose -4*f - 3*q = -97, 7*f + 4*q = 2*f + n. Let r = 31 - 9. Calculate the highest common factor of r and f.
22
Let z = 204 + -68. Calculate the greatest common divisor of 8 and z.
8
Suppose 23 = 3*t - 19. Let o(r) = -6*r + 2. Let d be o(-2). What is the highest common divisor of t and d?
14
Suppose 42 - 142 = -5*b. Let y = b - 4. What is the greatest common divisor of 128 and y?
16
Suppose 3*k - 2*k - 88 = 0. What is the greatest common factor of 22 and k?
22
Let r(g) = -5*g - 8. Let h be r(-7). Let y = h + 28. Let k(a) = 5*a**2 - 2*a - 2. Let u be k(-2). What is the highest common factor of u and y?
11
Let f = -8 + 8. Suppose q - 6*q + 30 = f. Calculate the greatest common divisor of 12 and q.
6
Suppose 6 = -i + 2*i. Let x(g) be the first derivative of g**3/3 - 3*g**2 + 9*g + 1. Let y be x(i). What is the highest common divisor of 3 and y?
3
Let f = 177 - 96. What is the greatest common divisor of f and 9?
9
Let o be ((-24)/9)/((-2)/3). Suppose -f = -g + 22, o*g - 2*g = -5*f + 30. Let p be 6/30 - (-98)/10. Calculate the highest common divisor of p and g.
10
Suppose 0 = -3*c - c + 2*v + 96, 0 = 2*c + 4*v - 38. Let r = -412 + 619. What is the highest common factor of r and c?
23
Let a(d) = 25*d**2 + 13*d + 10. Let g(j) = -17*j**2 - 9*j - 7. Let z(b) = -5*a(b) - 8*g(b). Let x be z(-4). Calculate the greatest common factor of x and 14.
14
Suppose 135 = 6*f - 5*f. Let q = 46 - 41. Suppose -q*h + f = -3*b, 3*h - b = 115 - 30. Calculate the highest common divisor of 15 and h.
15
Let t(k) = k**3 - 5*k**2 - 8*k. Let v be t(7). What is the greatest common factor of v and 6?
6
Let f(r) = 3*r**3 - r**2 + 1. Let b be f(1). Let s = -9 - -10. Let u = s - -20. Calculate the greatest common factor of u and b.
3
Suppose -34 = -t - 32. What is the greatest common divisor of 22 and t?
2
Let n(x) = 37*x**2 + 3*x + 2. Let t be n(-2). What is the greatest common divisor of t and 18?
18
Let a(s) = 2*s**3 - 25*s**2 - 12*s - 7. Let n be a(13). Calculate the highest common factor of n and 48.
6
Let j be (-4)/22 - (-156)/11. What is the greatest common divisor of 35 and j?
7
Suppose -576 = -3*b - 9*b. Calculate the greatest common divisor of 60 and b.
12
Let g(l) = 8*l**2 + 3*l - 23. Let x be g(4). Calculate the highest common factor of 13 and x.
13
Suppose -6*k + k = -g + 12, 0 = -5*g + 3*k + 16. Let f be (-185)/(-10) - g/4. Calculate the highest common factor of f and 27.
9
Suppose 5*i - 941 = 259. Let w = i + -168. What is the highest common factor of 9 and w?
9
Let u = -4 + 5. Let m be 15 + u*(6 - 3). Let s(c) = -c**2 - 9*c - 2. Let t be s(-5). Calculate the greatest common factor of t and m.
18
Let m = 119 - 45. Calculate the greatest common factor of m and 111.
37
Suppose -4*l + 0*l - 212 = -3*s, s - 3*l = 69. Suppose -s = -u - 2*u. Suppose 8*o - 3*o = 15. Calculate the greatest common divisor of o and u.
3
Let b be (-30 + 2)*10/(-40). Calculate the highest common factor of b and 28.
7
Suppose 5*l = 3*v + 2, 4*l = -5*v + 15 + 31. What is the highest common divisor of 54 and v?
6
Let h(s) = 3*s**2 + 4*s. Let p be h(-4). What is the highest common factor of p and 16?
16
Suppose 0 = -5*z + 66 + 59. Calculate the greatest common factor of 5 and z.
5
Let q be 11 + (12/4 - 5). What is the highest common divisor of 27 and q?
9
Suppose 126 = 3*g - 0*g. Calculate the highest common factor of g and 14.
14
Let g be 28/6*(-24)/(-28). Let z be (-6 + 7)/(2/g). Calculate the greatest common factor of 16 and z.
2
Let a be 177/12 + (-1)/(-4). Let s = -11 + 11. Suppose -3*m - 15 = -s*m, -4*m + 430 = 3*f. What is the greatest common divisor of a and f?
15
Let j(p) = -p**2 + 3*p. Let f be j(2). Suppose f*z - 11 - 37 = -3*t, 0 = -t - 5*z + 3. Let a be 344/40 + 10/25. What is the highest common factor of a and t?
9
Let c = 39 - -7. Calculate the greatest common divisor of c and 115.
23
Let i = 15 - -39. Let l = -110 - -65. Let z be ((-12)/15)/(1/l). What is the highest common factor of i and z?
18
Suppose -4*y - 8 = -236. Let v be (-1)/(-4) - y/(-12). Let b = 21 - 1. What is the highest common factor of b and v?
5
Suppose 3*v - 90 = 3*r - 5*r, 154 = 5*v + 2*r. What is the greatest common factor of 112 and v?
16
Suppose -21 = 2*b - 5*x, 2*x - 5*x = -5*b - 5. Let z = -4 - -7. What is the highest common factor of b and z?
1
Suppose -2*z = -z. Suppose z = d - 2. Suppose 0 = c - d*c + 4. Calculate the highest common divisor of 44 and c.
4
Let l = -38 + 52. What is the highest common factor of l and 14?
14
Suppose -2*r - 147 = -9*r. Calculate the greatest common divisor of 21 and r.
21
Let h = 49 - 25. Calculate the highest common factor of h and 6.
6
Let h(t) = t + 4. Let l be h(11). Let a = 35 - -29. Suppose 0 = -3*f - 3*q - q + 53, 4*f + 2*q - a = 0. What is the greatest common factor of f and l?
15
Let x be 129 + 1*(-1)/(-1). Suppose -4*g + 22 = -x. Suppose -z = -g + 10. What is the greatest common divisor of z and 14?
14
Let p = 23 - 19. Suppose 38 = p*a + 2*l, 4*l + 5 = 2*a - a. Calculate the highest common factor of 9 and a.
9
Suppose 4*w - 5*w - m = 71, w + 3*m + 65 = 0. Let t = 137 + w. Suppose 4*j + j - 45 = 0. Calculate the highest common divisor of j and t.
9
Let s = 43 + -13. Calculate the greatest common divisor of s and 105.
15
Suppose n - 693 = -2*n - 3*m, n - 215 = 3*m. Suppose 0 = 4*x - 193 - n. Calculate the greatest common divisor of 42 and x.
21
Let a = -3 + 4. Let t be 0/(a + -1 + 2). Suppose k = -t*k + 18. What is the greatest common divisor of k and 27?
9
Suppose 0 = 4*p - 20 - 48. Calculate the highest common factor of 85 and p.
17
Let j(n) = 3*n**3 - 2*n**2 - 6*n + 4. Let s be j(4). Suppose 0*d = -d + s. Let k = d - 64. Calculate the highest common divisor of k and 19.
19
Let t(o) = -o + 1. Let i be t(-17). Calculate the greatest common divisor of 2 and i.
2
Let t be ((-105)/12)/7*-32. Calculate the highest common factor of 5 and t.
5
Let g = 4 + -4. Suppose g*i - 4*i = -748. Calculate the greatest common factor of 17 and i.
17
Let i = 49 + -45. Calculate the greatest common divisor of 36 and i.
4
Let l be (16/14 + -2)*-21. Suppose 0 = 4*d - 2*g - 4, 3*g = -d + 14 + 1. Suppose 2*a - d*a + 126 = 0. Calculate the greatest common divisor of l and a.
18
Let t(c) = 20*c + 2. Let b be t(2). Suppose -3*o + 3*v = 2*v - 42, o - 5*v = 14. What is the highest common divisor of o and b?
14
Suppose -2*u + 0*t + t + 41 = 0, 0 = -3*u - 2*t + 65. What is the greatest common divisor of 105 and u?
21
Let m(j) = j - 5. Let l be m(-8). Let b = -7 - l. Calculate the greatest common factor of b and 18.
6
Let j be (-6)/(-14) - (-85)/(-35). Let r be (-48)/j + -4 + 1. Calculate the highest common factor of r and 7.
7
Suppose r + 8 = 2*p + 5*r, -2*p + 3*r + 1 = 0. What is the highest common factor of 6 and p?
2
Let k = -23 - -33. Calculate the highest common divisor of 10 and k.
10
Let p = 401 - 293. Suppose 5*b = 40 + 20. Calculate the greatest common divisor of b and p.
12
Suppose -l = -59 - 247. Calculate the highest common divisor of l and 34.
34
Let c = 10 - 16. Let x be (-3)/c + (-1)/(-2). Let s = x - -12. What is the highest common divisor of s and 117?
13
Let k(i) be the second derivative of i**4/6 - 3*i**3/2 + i**2/2 + i. Let h be k(5). Calculate the greatest common factor of h and 30.
6
Let b = 2 + 5. Let h(u) = -10 + 3*u + 4*u - u + u. Let f be h(b). Calculate the greatest common factor of 26 and f.
13
Suppose 2*y + 6*x - x = 18, 5*y - 4*x = 12. Calculate the highest common factor of 20 and y.
4
Suppose -3*w + 9 = 3*j, w = 4*j + 6 - 3. Let n = -1 + 10. Suppose -q - 5*v - n = -37, 2*q + 3*v - 21 = 0. What is the greatest common factor of q and w?
3
Let y(b) = 2*b**2 + 6*b + 4. Let q be -3 + 1 - (0 - -3). Let f be y(q). Let a = 157 - 97. Calculate the greatest common divisor of f and a.
12
Suppose s + 0*s = g - 2, 0 = -4*s + 2*g - 2. Calculate the greatest common factor of s and 9.
1
Let t = -24 - -49. What is the highest common divisor